and l.
15
Let l be (-17)/4*-2*2. Suppose 480 = 4*k + 2*n, -3*k + 349 = 3*n - 7*n. Calculate the greatest common factor of l and k.
17
Let d = -2 - -16. Let c = -9 + d. What is the highest common factor of c and 55?
5
Suppose 0 = -3*r + 2*b + b + 117, -3*b = 3*r - 147. What is the greatest common factor of 11 and r?
11
Let v(j) = -9*j - 20. Let r be v(-8). Suppose r = 2*i + o + 3*o, 2*i + 2*o = 54. What is the highest common divisor of i and 14?
14
Let s = -21 + 33. Suppose 2*j = -5*k - 13, 0 = 2*j - 2*k - 2 - 6. Let y = 1 + j. Calculate the greatest common factor of s and y.
2
Let h be 9*(0/(-1) - -1). Let i be (-1)/(-3) - (-51)/h. Let d(t) = 4*t**2 + t + 1. Let b be d(-1). Calculate the highest common factor of i and b.
2
Let o(c) = 4*c - 10. Let r be o(6). Calculate the greatest common factor of r and 140.
14
Let c be (-20 + 0)*(-4)/10. Suppose 1 + 5 = 3*a - 2*x, -5*a = 5*x - 10. Suppose 3 = a*d + 1. What is the greatest common factor of c and d?
1
Let v(o) = 8*o**2 + 3*o - 4. Let b be v(3). Let g = -15 + 22. What is the greatest common divisor of g and b?
7
Suppose -d + 3*s = 73, 2*s + 362 = 3*d - 7*d. Suppose -3*c + 248 = -7*c. Let r = c - d. What is the greatest common factor of r and 39?
13
Let z(j) = -j**2 + j + 5. Let p be z(0). Calculate the greatest common divisor of 1 and p.
1
Let o(h) = -h - 33. Let r be o(0). Let q = 60 + r. Let j be 804/q - 4/(-18). What is the highest common divisor of j and 10?
10
Suppose 0*j = j - 5. Suppose o = q + 47, -q = -2*o - 0*q + 92. Suppose -5*a + 6*a = o. What is the highest common divisor of j and a?
5
Suppose -3*t - l = -29 - 8, -3*t = 3*l - 45. What is the greatest common factor of 88 and t?
11
Let o = -20 + 98. Calculate the greatest common divisor of o and 52.
26
Suppose -l + 1 = -1. Suppose -l*x - 16 = -62. Calculate the greatest common divisor of 69 and x.
23
Suppose -4*c + 68 = -4*g, 0 = 4*c - 2*g + 4*g - 98. Let z(t) = -t**2 + 7*t + 5. Let y be z(6). Calculate the greatest common divisor of y and c.
11
Suppose 0 = -4*o + 3*p + 205, 2*o = p - 6*p + 83. Suppose -2*h = -m - 95, -5*h + o = -4*m - 187. Calculate the highest common divisor of 24 and h.
24
Let x = -4 + 7. What is the greatest common factor of x and 24?
3
Suppose 0 = -13*z + 12*z + 12. Calculate the highest common divisor of z and 12.
12
Let a(j) = -2*j**2 - 13*j + 5. Let f be a(-6). What is the greatest common divisor of f and 11?
11
Suppose 5*u + 3*q - 872 = 0, 856 = 4*u + u - q. Suppose -55 + u = 3*n. What is the highest common factor of 26 and n?
13
Let g be 68/(-20) + 3 - (-186)/15. What is the greatest common divisor of 36 and g?
12
Suppose -5*j - 8 = -3*j - a, 0 = 3*j + 2*a + 5. Let s be 21 - (j - -2)/(-1). Calculate the highest common factor of 30 and s.
10
Let n be ((-4)/26 - (-399)/(-364))*-20. Calculate the greatest common factor of n and 150.
25
Let u(z) = 4*z + 1. Let p be u(1). Suppose -p = -2*l + 25. What is the highest common factor of l and 45?
15
Suppose 150 = c - 2*y + 5*y, 5*c = -3*y + 762. Calculate the highest common factor of c and 17.
17
Let u = -6 - -14. What is the greatest common divisor of u and 88?
8
Suppose -1 + 29 = -4*q. Let r = 11 + q. Let a = 13 + 7. Calculate the greatest common factor of r and a.
4
Let z = 8 - -97. What is the highest common divisor of z and 70?
35
Let r = -8 - -8. Suppose r*c + 2*c - 18 = 0. Suppose 2*l - 144 = -0*l. What is the greatest common factor of c and l?
9
Suppose -5 = -r - 1, 13 = i + 4*r. Let o be i/(-12) + 1158/8. What is the greatest common factor of o and 29?
29
Let m = 33 + -19. Let n be (-18)/8 - 1/(-4). Let k be m + 2 + -2 - n. What is the highest common divisor of k and 2?
2
Let o = 1819 - 1226. Suppose -5*p + 458 = 4*d, -6*d + d + 4*p = -o. Let j = 44 - 31. What is the highest common factor of j and d?
13
Let s be (-4)/6 - (-16)/24. Suppose t - 20 - 8 = s. Calculate the highest common factor of 14 and t.
14
Suppose 0 = -0*v - 5*v + 145. Suppose -4*j = -v + 9. Calculate the greatest common divisor of 40 and j.
5
Let i = -3 - -3. Let r be i*(2 + 3/(-2)). Suppose 4*d - g - 81 = r, 4*d = g - 3*g + 78. What is the greatest common divisor of d and 5?
5
Let o be (-177)/(2 + -3) + -1. Let u(v) = -2*v + 3. Let c be u(6). Let p be (48/c)/(1/(-3)). What is the greatest common factor of p and o?
16
Let u be (-339)/2*4/(-6). Suppose -v + u = 38. What is the greatest common divisor of v and 30?
15
Let v be 3 + 0/1 - (-13 - -8). Calculate the greatest common divisor of 32 and v.
8
Let p = -150 + 156. Let h be ((-3)/(-6))/(2/24). Calculate the highest common divisor of p and h.
6
Suppose 3*q + 3*d = 69, 3*q + 2*d = 68 + 6. Suppose q = -4*p + 76. Let r be 54/p - 1/2. Calculate the highest common factor of 28 and r.
4
Suppose -3*x - 2*a = -a - 8, -5*x + 12 = 2*a. What is the greatest common factor of 20 and x?
4
Let y be (61 - 2) + (-5 - -2) + 4. What is the highest common factor of 30 and y?
30
Suppose 2*a + 230 = 7*a. Suppose 0 = 2*c - a - 26. Let w = 57 - 45. What is the highest common factor of w and c?
12
Let s be ((-10)/(-15))/(2/(-3)). Let w be 11/(s/5*-1). Suppose b + 5*g = 6, 53 = 4*b + g + 10. Calculate the highest common divisor of b and w.
11
Let q be 35/14*(-442)/(-5). What is the greatest common factor of 13 and q?
13
Suppose 0 = 3*p - 2*t - 13, 2*t = -3*p - 0*p + 17. Let o be 2/(-6) + (-53)/3. Let i be 2 + (-1 - (o + -1)). What is the highest common factor of i and p?
5
Let i(w) = -385*w + 3. Let c(g) = 192*g - 2. Let y(z) = -7*c(z) - 4*i(z). Let p be y(1). Calculate the highest common factor of 18 and p.
18
Let k(u) = u**2 - 5*u - 1. Let j be k(6). Calculate the greatest common divisor of 40 and j.
5
Let x be (-2 + -2)*(-3)/4. Suppose p - 2*p = -x. Suppose -2*l - p*l = -100. Calculate the greatest common factor of l and 30.
10
Let i be 5*(-12)/270 - (-92)/9. Suppose 39 = 2*d - 21. What is the highest common divisor of i and d?
10
Suppose -2*j - l = -3*l - 2, j = -l + 3. Suppose 9 = -r + j*r. Suppose -5*m - 32 = -122. Calculate the greatest common divisor of m and r.
9
Let x(n) = n**2 - n - 20. Let v be x(10). What is the highest common divisor of 14 and v?
14
Suppose 0*g = -2*g + 150. Let j be g/(-2)*(-4)/3. What is the highest common factor of 5 and j?
5
Let n(g) = g**3 - 6*g**2 + 5*g + 14. Let v be n(7). Calculate the greatest common factor of 245 and v.
49
Suppose 3*x + o - 2*o - 94 = 0, o = -x + 38. Calculate the greatest common divisor of x and 11.
11
Let m(p) = p**3 - 5*p**2 + 5*p - 3. Let g be m(6). Let a be (2 - 1/2)*28/6. What is the greatest common divisor of a and g?
7
Let h be (-1)/(-2) + (-118)/(-4). Let j(v) = 5*v**3 - 2*v**2 + v. Let u be j(1). Let w be 182/u + (-3)/6. What is the greatest common factor of w and h?
15
Suppose 126 = 2*b - 54. Let a = -261 + 368. Suppose 3*o + 2*v - a = v, 4*o - 5*v - 149 = 0. Calculate the highest common divisor of b and o.
18
Suppose -3*d - 30 = 2*d. Let h(r) = -r**2 - 8*r + 2. Let l be h(d). Suppose 82 = 14*s - 16. Calculate the highest common factor of l and s.
7
Let m be -39*-2*1/(-6). Let x = m + 29. Calculate the highest common divisor of x and 2.
2
Suppose 0 = -a - n + 6, -2*n = -5*n + 12. Suppose -27 - 29 = a*x. Let j be x/(-10)*(0 + 5). Calculate the greatest common factor of 14 and j.
14
Suppose 2*k - 6*k + 20 = 0. Suppose 5*x = -6 + 11, 4*x = k*j - 256. What is the highest common divisor of j and 13?
13
Suppose -4*q + 7*q = 168. What is the highest common factor of 7 and q?
7
Let w(u) = 2*u**3 + 3*u**2 - 3*u + 1. Let v be w(-2). What is the greatest common divisor of v and 15?
3
Suppose 4*p = -5*p + 108. Let k(s) = -s**2 + 2*s + 1. Let d be k(-1). Let i be (d + 1)*-1 - -5. Calculate the highest common factor of p and i.
6
Let y(b) = 2*b**2 + 4*b + 1 + 0 - b**2. Let p be y(-5). Suppose j - m - 50 = 0, 0 = -5*j - 2*m + 221 + 15. Calculate the greatest common factor of j and p.
6
Let g be 4*6 - 2/1. Let s(k) = 20*k**2 - 2*k + 2. Let m be s(3). Calculate the greatest common divisor of g and m.
22
Let f = -12 + 16. Suppose 5*m - 5*c - 3 = -3*c, 3*m = -f*c + 7. What is the highest common divisor of m and 7?
1
Let c = 18 + -12. Suppose -4*q - 5 = -1, -2*q + 94 = 4*h. What is the greatest common factor of c and h?
6
Suppose a - 13 = -3. Calculate the greatest common factor of 20 and a.
10
Let k be (0*1/2)/(-